{"id":136,"date":"2015-06-26T10:19:47","date_gmt":"2015-06-26T08:19:47","guid":{"rendered":"http:\/\/www.totes-meer-salz.info\/?page_id=136"},"modified":"2023-12-12T08:56:30","modified_gmt":"2023-12-12T07:56:30","slug":"totes-meer-salz","status":"publish","type":"page","link":"https:\/\/www.totes-meer-salz.info\/","title":{"rendered":"Totes Meer Salz"},"content":{"rendered":"<p>Willkommen auf\u00a0 der purux Infoseite Totes-Meer-Salz.info<\/p>\n<p>Seit Jahrtausenden ist dieses besondere Salz wegen seiner einzigartigen Mineralienzusammensetzung bekannt und gesch\u00e4tzt.<br \/>\nDiese Seite nimmt Sie mit auf eine faszinierende Reise durch die Geschichte, Anwendungen und Mythen dieses au\u00dfergew\u00f6hnlichen Naturprodukts.<br \/>\nHier finden sie auch Antworten zu h\u00e4ufig gestellten fragen.<\/p>\n<p>Die Geschichte des Toten Meer Salzes reicht Jahrtausende zur\u00fcck. Schon in der Antike sch\u00e4tzten Menschen die heilenden Kr\u00e4fte des Toten Meeres, dessen Salz wegen seiner reichen Mineralienzusammensetzung besonders wertvoll ist. Im Laufe der Zeit hat sich die Gewinnung und Nutzung dieses Naturproduktes stetig weiterentwickelt.<br \/>\nEs wurde nicht nur als Gew\u00fcrz, sondern auch f\u00fcr seine heilenden Kr\u00e4fte verwendet.<br \/>\nHeute, mit modernen Methoden, wird dieses Salz direkt aus dem Toten Meer gewonnen, wobei die traditionelle Bedeutung und Reinheit bewahrt bleibt.<\/p>\n<h4><b>Salz ist nicht gleich Salz<\/b><\/h4>\n<p>So wie es Unterschiede zwischen Totem Meer Salz und Tafelsalz gibt, gibt es nochmals einige zwischen den verschiedenen Toten Meer Salzen. Denn auch hier gilt, Salz ist nicht gleich Salz. Durch den unterschiedlichen Gewichtsanteil der einzelnen Mineralien ergibt sich je nach Schichttiefe beim Absch\u00f6pfen eine andere Zusammensetzung.<\/p>\n<p>Toten Meer Salze werden in verschiedenen Reinheitsgraden und Gr\u00f6\u00dfen hergestellt und angeboten. Das g\u00e4ngigste ist das Natursalz. Es ist ungewaschen und daher ideal als Badesalz geeignet. Was bedeutet &#8222;ungewaschen&#8220;? Dieses Salz enth\u00e4lt noch kleine Restmengen an Totem Meer Schlamm, der besonders reich an Mineralien und Spurenelementen ist. Es wird normalerweise grob gemahlen verkauft.<\/p>\n<h5><b>Badesalze<\/b><\/h5>\n<p>Das klassische Badesalz hingegen ist mehrfach gewaschen. Da es keinen Schlamm enth\u00e4lt, eignet es sich ideal zum Mischen mit aromatischen \u00d6len und Farben. Badesalz aus dem Toten Meer hat einen extrem hohen Salzgehalt, der in etwa dem unseres Blutes entspricht. Es kommt zu einem Austausch zwischen Wasser und K\u00f6rper, der als Osmose bezeichnet wird.<\/p>\n<h5><b>Speisesalze<\/b><\/h5>\n<p>Sie enthalten dank der Regelungen im Codex Alimentarius mindestens 97 % Natriumchlorid. Speisesalz ist gewaschen und meist fein gemahlen zum Streuen oder etwas gr\u00f6ber f\u00fcr die Salzm\u00fchle geeignet.<\/p>\n<p>Beim Kauf von Totes Meer Salz ist es wichtig, darauf zu achten, dass es sich um reines, nat\u00fcrliches Salz handelt. Probieren Sie verschiedene Angebote aus, denn oft wird hochwertiges Totes Meer Salz mit normalem Salz gestreckt, was sich auf die Qualit\u00e4t auswirkt und nicht die gew\u00fcnschten Ergebnisse f\u00fcr Haut und K\u00f6rper bringt. Salze werden weltweit gewonnen und abgebaut, urspr\u00fcnglich in den Meeren und Ozeanen. Aufgrund klimatischer und tektonischer Ver\u00e4nderungen in den letzten Jahrhunderten lagern Salzvorkommen nun unterirdisch auf der ganzen Welt, von den Alpen bis zur W\u00fcste in Afrika.<\/p>\n<h5>Fazit<\/h5>\n<p>Pflegeprodukte mit Totem Meer Salz sind gesundheitsf\u00f6rdernd Balsam f\u00fcr unsere Seele. Neben dem gesundheitlichen positiven Effekt, regen sie die Neubildung von Zellen an und legen einen nat\u00fcrlichen Feuchtigkeitsfilm \u00fcber unsere Haut. Nur echtes Toten Meer Salz ist reines, unbehandeltes Salz, nat\u00fcrlich und ohne chemische Zus\u00e4tze. Die Devise lautet: Gutes muss nicht teuer sein &#8211; und das trifft hier perfekt zu.<\/p>\n<p><a href=\"https:\/\/www.totes-meer-salz.info\/wp-content\/uploads\/2015\/05\/Fotolia_81720433_S.jpg\"><img loading=\"lazy\" decoding=\"async\" class=\"size-full wp-image-7 aligncenter\" src=\"https:\/\/www.totes-meer-salz.info\/wp-content\/uploads\/2015\/05\/Fotolia_81720433_S.jpg\" alt=\"\" width=\"848\" height=\"566\" srcset=\"https:\/\/www.totes-meer-salz.info\/wp-content\/uploads\/2015\/05\/Fotolia_81720433_S.jpg 848w, https:\/\/www.totes-meer-salz.info\/wp-content\/uploads\/2015\/05\/Fotolia_81720433_S-300x200.jpg 300w\" sizes=\"auto, (max-width: 848px) 100vw, 848px\" \/><\/a><\/p>\n","protected":false},"excerpt":{"rendered":"<p>Willkommen auf\u00a0 der purux Infoseite Totes-Meer-Salz.info Seit Jahrtausenden ist dieses besondere Salz wegen seiner einzigartigen Mineralienzusammensetzung bekannt und gesch\u00e4tzt. Diese Seite nimmt Sie mit auf eine faszinierende Reise durch die Geschichte, Anwendungen und Mythen dieses au\u00dfergew\u00f6hnlichen Naturprodukts. Hier finden sie auch Antworten zu h\u00e4ufig gestellten fragen. Die Geschichte des Toten Meer Salzes reicht Jahrtausende zur\u00fcck. [&hellip;]<\/p>\n","protected":false},"author":1,"featured_media":7,"parent":0,"menu_order":0,"comment_status":"closed","ping_status":"closed","template":"","meta":{"_exactmetrics_skip_tracking":false,"_exactmetrics_sitenote_active":false,"_exactmetrics_sitenote_note":"","_exactmetrics_sitenote_category":0,"footnotes":""},"class_list":["post-136","page","type-page","status-publish","has-post-thumbnail","czr-hentry"],"_links":{"self":[{"href":"https:\/\/www.totes-meer-salz.info\/index.php\/wp-json\/wp\/v2\/pages\/136","targetHints":{"allow":["GET"]}}],"collection":[{"href":"https:\/\/www.totes-meer-salz.info\/index.php\/wp-json\/wp\/v2\/pages"}],"about":[{"href":"https:\/\/www.totes-meer-salz.info\/index.php\/wp-json\/wp\/v2\/types\/page"}],"author":[{"embeddable":true,"href":"https:\/\/www.totes-meer-salz.info\/index.php\/wp-json\/wp\/v2\/users\/1"}],"replies":[{"embeddable":true,"href":"https:\/\/www.totes-meer-salz.info\/index.php\/wp-json\/wp\/v2\/comments?post=136"}],"version-history":[{"count":18,"href":"https:\/\/www.totes-meer-salz.info\/index.php\/wp-json\/wp\/v2\/pages\/136\/revisions"}],"predecessor-version":[{"id":531,"href":"https:\/\/www.totes-meer-salz.info\/index.php\/wp-json\/wp\/v2\/pages\/136\/revisions\/531"}],"wp:featuredmedia":[{"embeddable":true,"href":"https:\/\/www.totes-meer-salz.info\/index.php\/wp-json\/wp\/v2\/media\/7"}],"wp:attachment":[{"href":"https:\/\/www.totes-meer-salz.info\/index.php\/wp-json\/wp\/v2\/media?parent=136"}],"curies":[{"name":"wp","href":"https:\/\/api.w.org\/{rel}","templated":true}]}}